greatest common divisor of 594 and 88?
22
What is the greatest common divisor of 5440 and 255?
85
Calculate the greatest common divisor of 21564 and 9.
9
What is the highest common factor of 1000 and 375?
125
Calculate the highest common factor of 11853 and 135.
27
What is the highest common factor of 45 and 4230?
45
Calculate the highest common divisor of 3289 and 1001.
143
What is the highest common divisor of 729 and 54?
27
What is the greatest common divisor of 5 and 37805?
5
What is the highest common factor of 325 and 39?
13
What is the greatest common divisor of 992 and 32?
32
Calculate the greatest common divisor of 4914 and 126.
126
Calculate the greatest common divisor of 4840 and 40.
40
What is the greatest common divisor of 363 and 3?
3
Calculate the greatest common divisor of 163 and 1.
1
What is the greatest common divisor of 413 and 236?
59
What is the greatest common factor of 58 and 1711?
29
Calculate the greatest common factor of 516 and 3.
3
Calculate the greatest common factor of 16 and 9624.
8
What is the highest common divisor of 95 and 247?
19
What is the highest common factor of 200 and 40?
40
What is the greatest common divisor of 91 and 182?
91
Calculate the greatest common factor of 6 and 1164.
6
What is the greatest common factor of 28 and 16772?
28
What is the greatest common divisor of 39 and 78?
39
What is the highest common factor of 246 and 287?
41
What is the highest common factor of 142 and 2698?
142
What is the highest common divisor of 19 and 2622?
19
What is the highest common factor of 496 and 434?
62
What is the highest common divisor of 20 and 220?
20
What is the greatest common divisor of 48 and 108?
12
What is the greatest common factor of 38 and 2033?
19
What is the highest common divisor of 9 and 3357?
9
What is the highest common factor of 676 and 52?
52
What is the highest common divisor of 1064 and 24?
8
What is the greatest common divisor of 6 and 186?
6
Calculate the greatest common divisor of 56 and 14.
14
What is the highest common factor of 27 and 45?
9
What is the highest common divisor of 114 and 57?
57
What is the greatest common divisor of 11 and 935?
11
What is the highest common factor of 63 and 91?
7
Calculate the greatest common factor of 5 and 3365.
5
What is the greatest common divisor of 187 and 6985?
11
What is the greatest common factor of 56 and 6286?
14
What is the highest common factor of 27 and 432?
27
Calculate the highest common divisor of 10 and 4390.
10
Calculate the greatest common divisor of 1088 and 204.
68
Calculate the greatest common divisor of 12166 and 474.
158
Calculate the highest common divisor of 264 and 32.
8
Calculate the highest common factor of 489 and 3.
3
What is the highest common factor of 84 and 966?
42
What is the greatest common factor of 650 and 117?
13
Calculate the highest common divisor of 13 and 520.
13
What is the highest common factor of 84 and 462?
42
What is the highest common divisor of 71 and 284?
71
What is the greatest common divisor of 133 and 14?
7
Calculate the greatest common divisor of 85 and 51.
17
What is the highest common factor of 63 and 42?
21
What is the highest common factor of 10 and 40?
10
Calculate the greatest common factor of 1045 and 95.
95
Calculate the highest common divisor of 784 and 32.
16
Calculate the highest common divisor of 525 and 3.
3
Calculate the greatest common factor of 23304 and 24.
24
Calculate the highest common factor of 179 and 537.
179
What is the highest common factor of 57 and 247?
19
What is the greatest common divisor of 33 and 627?
33
What is the highest common factor of 19177 and 302?
151
Calculate the highest common divisor of 24 and 12.
12
Calculate the greatest common factor of 57 and 1577.
19
What is the greatest common factor of 210 and 190?
10
Calculate the greatest common divisor of 1424 and 688.
16
What is the greatest common factor of 447 and 3?
3
Calculate the greatest common factor of 136 and 34.
34
Calculate the highest common factor of 63 and 147.
21
What is the highest common divisor of 12 and 92?
4
Calculate the highest common factor of 30 and 960.
30
What is the greatest common factor of 20 and 2050?
10
What is the greatest common divisor of 200 and 25?
25
Calculate the greatest common factor of 113 and 5989.
113
Calculate the highest common divisor of 135 and 837.
27
What is the greatest common divisor of 10 and 530?
10
What is the greatest common divisor of 341 and 1397?
11
Calculate the highest common divisor of 21 and 84.
21
Calculate the greatest common divisor of 13 and 95329.
13
What is the highest common factor of 5907 and 22?
11
What is the greatest common factor of 552 and 24?
24
What is the greatest common factor of 40 and 200?
40
What is the greatest common divisor of 26 and 7?
1
Calculate the greatest common divisor of 45 and 54.
9
What is the highest common divisor of 492 and 615?
123
Calculate the greatest common divisor of 1827 and 126.
63
Calculate the highest common divisor of 28470 and 78.
78
Calculate the greatest common divisor of 1734 and 12.
6
Calculate the highest common factor of 1176 and 4214.
98
What is the highest common factor of 55 and 11?
11
What is the greatest common factor of 5254 and 296?
74
Calculate the highest common divisor of 51 and 85.
17
What is the greatest common divisor of 52 and 910?
26
Calculate the greatest common factor of 5074 and 1652.
118
Calculate the highest common divisor of 1 and 32.
1
What is the highest common divisor of 57 and 7619?
19
Calculate the highest common factor of 102 and 561.
51
Calculate the highest common divisor of 140 and 15260.
140
Calculate the greatest common factor of 264 and 336.
24
What is the highest common divisor of 392 and 19796?
196
What is the highest common factor of 13 and 3757?
13
What is the highest common divisor of 846 and 90?
18
Calculate the greatest common divisor of 6400 and 180.
20
What is the highest common divisor of 34 and 4250?
34
What is the greatest common divisor of 190 and 770?
10
What is the greatest common factor of 56 and 6?
2
Calculate the highest common factor of 1696 and 53.
53
What is the highest common divisor of 145 and 551?
29
What is the highest common factor of 56 and 224?
56
What is the greatest common factor of 3 and 27?
3
Calculate the greatest common factor of 442 and 17.
17
Calculate the greatest common divisor of 108 and 594.
54
What is the highest common divisor of 3 and 2?
1
Calculate the highest common factor of 5 and 14.
1
Calculate the greatest common factor of 276 and 12.
12
Calculate the greatest common factor of 40 and 6220.
20
Calculate the greatest common divisor of 5814 and 19.
19
What is the highest common factor of 3996 and 9?
9
Calculate the highest common divisor of 35 and 1015.
35
What is the highest common factor of 152 and 312?
8
Calculate the greatest common factor of 1313 and 202.
101
Calculate the highest common divisor of 252 and 36.
36
What is the highest common divisor of 125 and 15?
5
Calculate the greatest common divisor of 141 and 658.
47
Calculate the greatest common factor of 225 and 1425.
75
What is the highest common divisor of 22 and 1540?
22
Calculate the highest common factor of 980 and 20.
20
Calculate the highest common divisor of 44 and 2068.
44
Calculate the highest common factor of 324 and 25596.
324
What is the greatest common factor of 11 and 143?
11
What is the greatest common divisor of 667 and 87?
29
What is the greatest common divisor of 16 and 1872?
16
What is the highest common factor of 24 and 15?
3
What is the highest common factor of 108 and 27?
27
What is the greatest common factor of 1348 and 20?
4
What is the greatest common divisor of 1990 and 20?
10
What is the greatest common factor of 1 and 124?
1
What is the greatest common factor of 56 and 84?
28
What is the highest common factor of 34556 and 163?
163
What is the highest common factor of 412 and 3?
1
Calculate the highest common divisor of 46 and 851.
23
What is the greatest common divisor of 354 and 3?
3
What is the greatest common factor of 1945 and 4279?
389
What is the greatest common divisor of 2254 and 3059?
161
What is the highest common factor of 180 and 17460?
180
What is the highest common factor of 8398 and 13?
13
What is the hig